 36 = 0. Calculate the remainder when 34 is divided by k.
10
Suppose -7*s = 46 - 158. Let m = -39 + 70. What is the remainder when m is divided by s?
15
Let f(b) = -b**3 + 9*b**2 - 13*b + 29. Calculate the remainder when 69 is divided by f(7).
33
Suppose 0 = 4*d + 2*d - 270. Calculate the remainder when d is divided by -30*(72/20 + -4).
9
Let s = 30 - 14. Calculate the remainder when 69/(-4)*(-32)/12 is divided by s.
14
Let h(i) = -2*i**2 + i + 2. Let k be h(-2). Let u be 46/k - (-3)/(-12). Let d = 21 + u. Calculate the remainder when d is divided by 8.
7
Suppose -4*i - i = 4*x - 334, -5*i = -3*x + 268. Let y(o) = -22*o**3 - o**2 - 2*o - 1. What is the remainder when x is divided by y(-1)?
20
Let j(x) = -x**3 + 4*x**2 - 4. Let w be j(4). Calculate the remainder when 40 is divided by (-3)/(w/(112/6)).
12
Let i(m) = -2*m - 9 + 3*m + 32. Let y be i(0). Suppose j = y - 6. What is the remainder when j is divided by 9?
8
Suppose 135 = 6*q - 117. Calculate the remainder when q is divided by 23.
19
Suppose -4*h + 16 = 4*t, 5*h = 3*t + 45 + 15. Let p(f) = f**3 - 3*f**2 - 5*f + 1. Calculate the remainder when p(5) is divided by h.
8
Calculate the remainder when 33 is divided by (2 - 1) + (2 - -9).
9
Let d = -97 + 118. Suppose -4*b - 8 = -5*b. Calculate the remainder when d is divided by b.
5
Let o = 56 - 54. Let p = 0 + 0. Suppose -o*s + 10 + 4 = p. Calculate the remainder when 12 is divided by s.
5
Let l(x) = x - 1. Let g be l(1). Suppose -3*y + y + 36 = g. Calculate the remainder when 34 is divided by y.
16
Suppose -3*h + 58 = -2*h. Let y = 91 - h. What is the remainder when y is divided by 18?
15
Suppose 2 = t, 6*v - 3*t = 3*v + 111. Calculate the remainder when v is divided by 10.
9
Suppose -75 = 27*b - 32*b. Calculate the remainder when b is divided by 9.
6
Let i(p) = -4*p**2 + 29*p + 3. Let t = 11 - -3. Suppose -2*z - 2 = -t. Calculate the remainder when i(7) is divided by z.
4
Let y(x) = x**3 - x**2 - 6*x + 4. Let z be y(4). Suppose 4*r + v = 49, -5*r + 2*r = -v - z. What is the remainder when 21 is divided by r?
10
Let s = 30 - 22. Suppose s*f - 3*f - 90 = 0. Calculate the remainder when 35 is divided by f.
17
Suppose 2*u = 144 - 38. What is the remainder when u is divided by 14?
11
Let r(q) = -q**3 + 8*q**2 - 4*q + 2. Suppose y + 8 = 4*a - 3, 2*a = -2*y + 8. Calculate the remainder when r(a) is divided by 12.
11
Suppose 21 = 3*c - 9. Suppose -p + 13 = -6. What is the remainder when p is divided by c?
9
Let v(g) = 11*g - 9. Suppose -6*q + q = -25. Let z(p) = 3*p + 3. Calculate the remainder when v(4) is divided by z(q).
17
Suppose 56 = -s + 5*s. Suppose -3*x + 63 = -147. Suppose -x = -4*k - s. What is the remainder when 39 is divided by k?
11
Suppose 3*b + 2*z = 0, -3*b + b - 3*z = 0. Let m be (0 - (-3 - b))*1. Suppose 8*x - m*x = 105. Calculate the remainder when x is divided by 11.
10
Suppose 0 = 2*k - 335 + 107. Calculate the remainder when k is divided by 30.
24
Let j = -10 + 17. Let b be (-2)/((2 - -4)/3). Calculate the remainder when 60/4 - (-3)/b is divided by j.
5
Suppose 10 = -4*a - 2*c, 7*a - 2*a = 2*c + 1. Calculate the remainder when (a - 8/12)*-57 is divided by 24.
23
Let q = 16 - 13. Suppose -2*d + 335 = q*d. Let z(l) = 5*l + 2. Calculate the remainder when d is divided by z(3).
16
Suppose 0 = 2*c - 2*f - 14, 5*f + 17 = 2*c + 3. What is the remainder when 25 is divided by c?
4
Suppose 4*c - 46 = 2*c. Suppose -x = -5*j - c, 3*x + j = 3*j + 17. Calculate the remainder when x is divided by 1.
0
Suppose 0 = 7*h - 9*h + 28. Suppose 5*c = -3*t + 139, -c = 3*c - t - 101. What is the remainder when c is divided by h?
12
Suppose w - 5*l - 34 = -w, -2*l = -4*w + 36. Let t = 14 - w. Suppose m + 1 = t. What is the remainder when 11 is divided by m?
5
Let b = 19 + -18. Suppose 0 = i - 38 - b. Calculate the remainder when i is divided by 21.
18
Suppose -j - 12 + 31 = 0. Let q(m) = -m**3 - 4*m**2 - m + 3. Calculate the remainder when j is divided by q(-4).
5
Let a = 14 - -24. What is the remainder when a is divided by 10?
8
Let s(f) = 2*f**3 + 2*f - 3. Calculate the remainder when 101 is divided by s(2).
16
Suppose -3*b + 360 + 111 = 0. Suppose 0 = i + 5*k - 4, b - 56 = 5*i - 2*k. What is the remainder when i is divided by 7?
5
Let i = -63 - -80. Let n(y) = -3*y - 8. Calculate the remainder when i is divided by n(-6).
7
Suppose -3*p + 3 + 6 = 0. Let l(q) = -q**2 + q**p + 8 - 7 + 0*q**3. What is the remainder when 1 is divided by l(0)?
0
Let i = 103 + -65. Let w(r) = r**2. Let m be w(7). Suppose 10 = -3*b + m. What is the remainder when i is divided by b?
12
Let v(z) = 46*z**2 + z - 1. Suppose 4*p = -0*p + 64. Calculate the remainder when v(1) is divided by p.
14
Let x(o) = o**3 - 4*o**2 + 2 + 3*o**2 - 2*o**3 + 7*o**2 + 7*o. What is the remainder when x(5) is divided by 16?
14
Calculate the remainder when -2*(-9)/6*(27 + 0) is divided by 41.
40
Calculate the remainder when (82/6 + -1)/(1/3) is divided by 14.
10
Suppose 0*b - 3*b + 68 = -2*x, -43 = -2*b - x. What is the remainder when 63 is divided by b?
19
Suppose 2*l - 30 = r, -l - r + 22 = -5*r. What is the remainder when 53 is divided by l?
11
Suppose -3*n + n - 60 = -2*y, -2*y + 62 = -4*n. Calculate the remainder when 85 is divided by y.
27
Suppose -5*i = 5*o + 15, 2*o + 0*o + 12 = -5*i. Let n be 1 + (-5 - -2) - i. Suppose n*w = -w + 20. Calculate the remainder when 39 is divided by w.
19
Suppose 36 = 2*t - 4*n, 66 = 4*t - 3*n - 6. What is the remainder when 68 is divided by t?
14
Let z(v) = -3*v + 3*v + 2*v. Calculate the remainder when (0/(-3) - 2)*-14 is divided by z(5).
8
Suppose -4*t = -4*n - 248, 2*n - 1 + 239 = 4*t. Calculate the remainder when t is divided by 30.
27
Let j(y) = -5*y - 7. Suppose 2*n - f + 104 = 5*n, -78 = -2*n - 5*f. Calculate the remainder when n is divided by j(-5).
16
Let y = -33 + 66. Let p = 9 + 0. What is the remainder when y is divided by p?
6
Suppose -7*w = -3*w + 3*d - 21, w - 5*d + 12 = 0. Let g be -3*1/(-1) + -3. Suppose -4*l + 0 + 20 = g. Calculate the remainder when l is divided by w.
2
Suppose -5*n + 51 = -2*n. Let r = 159 + -149. What is the remainder when n is divided by r?
7
Let v = -20 + 27. What is the remainder when 46 is divided by v?
4
Let v(q) = 3*q**2 - 3*q**3 - 7 - 9*q**2 - 6*q + 2*q**3. Let b be v(-5). What is the remainder when 2 + (27*1 - b) is divided by 16?
15
Suppose 5*n - n - 100 = 0. Let j = n + -22. Calculate the remainder when 3 - (0 + 2 + -4) is divided by j.
2
Let d(p) = p**3 - p**2 + p + 7. What is the remainder when 13 is divided by d(0)?
6
Suppose 6*u + 50 = u. Let x = 5 + u. Let c = 16 + x. What is the remainder when c is divided by 4?
3
Let x(f) = f. Let n be x(4). Suppose -4*r + 9 = -11. Suppose -n*k - r*z = -2*k - 27, -2*z + 35 = 3*k. What is the remainder when 41 is divided by k?
8
Calculate the remainder when 22 is divided by (-297)/(-22) + 1/2.
8
Suppose -3*g + 191 = -64. What is the remainder when g is divided by 15?
10
Let l be (-4)/(-3)*9/2. Suppose 0 = -2*t + l*t - 120. What is the remainder when 22 is divided by 2/1 + t/5?
6
Let b(w) = -20*w**2 - 6*w + 14. Let k(l) = -13*l**2 - 4*l + 9. Let s(a) = 5*b(a) - 8*k(a). Calculate the remainder when 39 is divided by s(-2).
9
Suppose -2*n - 24 = -4*o, 5*o - o + 3*n = 4. Let s(f) = f**2 - 2*f - 14. Calculate the remainder when s(6) is divided by o.
2
Calculate the remainder when 28 - -1*(3 - 1) is divided by 11.
8
Let h be -3*2/(-15)*-5. Let i(a) = -6*a + 1 - 3*a + 3*a. Calculate the remainder when 50 is divided by i(h).
11
Let b(z) = -z**2 + 8*z - 5. Let u be b(7). Suppose u*o = 3 + 5. Suppose -o*l - 80 = -8*l. Calculate the remainder when l is divided by 7.
6
Suppose -12 = -0*f - 3*f. Let h = f - 0. Let i = -6 - -16. What is the remainder when i is divided by h?
2
Let c(i) = i**2 + 26. Calculate the remainder when c(0) is divided by 7.
5
Let d(s) = s**3 + 12*s**2 - 15*s - 7. What is the remainder when 23 is divided by d(-13)?
4
Suppose 22 = 2*u - 3*p - 55, -209 = -4*u - 5*p. Suppose x + u = 3*x. Suppose 10 = 2*f - 14. Calculate the remainder when x is divided by f.
11
Let v = -5 + 9. What is the remainder when 10 is divided by ((-3)/v)/(3/(-24))?
4
Let q(c) = 5*c + 32. Calculate the remainder when 23 is divided by q(-4).
11
Let h(u) = -u**2 - u + 12. Calculate the remain